{"id":16,"date":"2021-05-28T21:51:46","date_gmt":"2021-05-28T19:51:46","guid":{"rendered":"http:\/\/gresivolant.fr\/?page_id=16"},"modified":"2025-07-07T15:55:20","modified_gmt":"2025-07-07T13:55:20","slug":"qui-sommes-nous","status":"publish","type":"page","link":"https:\/\/gresivolant.fr\/?page_id=16","title":{"rendered":"Qui sommes-nous ?"},"content":{"rendered":"\n<p>Gr\u00e9sivolant&nbsp;GVB38 est le club de badminton de Villard-Bonnot (Is\u00e8re) qui sait m\u00e9langer plaisirs et comp\u00e9titions ! Tout le monde peut participer quel que soit son niveau.&nbsp;<\/p>\n\n\n\n<h2 class=\"wp-block-heading\"><strong>Composition du&nbsp;bureau :<\/strong>&nbsp;<\/h2>\n\n\n\n<p>Suite \u00e0 l&rsquo;Assembl\u00e9e g\u00e9n\u00e9rale de Juin 2024, voici les membres du bureau \u00e9lus pour la saison 2023-2024 :<\/p>\n\n\n\n<ul class=\"wp-block-list\">\n<li>Pr\u00e9sident&nbsp;:&nbsp;John P \/ Christelle&nbsp;S&nbsp;(adjointe)<\/li>\n\n\n\n<li>Tr\u00e9sori\u00e8re&nbsp;:&nbsp;Nathalie.C<\/li>\n\n\n\n<li>Secr\u00e9taire :&nbsp;Clara R \/ Christophe B (adjoint)<\/li>\n<\/ul>\n\n\n\n<h2 class=\"wp-block-heading\">Nous suivre sur les r\u00e9seaux<\/h2>\n\n\n\n<figure class=\"wp-block-image size-full is-style-rounded\"><a href=\"https:\/\/www.facebook.com\/login\/?next=https%3A%2F%2Fwww.facebook.com%2Fgroups%2Fgresivolant%2F\"><img loading=\"lazy\" decoding=\"async\" width=\"197\" height=\"186\" src=\"https:\/\/gresivolant.fr\/wp-content\/uploads\/2024\/09\/Capture-decran-2024-09-20-164216.png\" alt=\"\" class=\"wp-image-232\"\/><\/a><\/figure>\n\n\n\n<figure class=\"wp-block-image size-full\"><a href=\"https:\/\/www.instagram.com\/badminton_villardbonnot\/\"><img loading=\"lazy\" decoding=\"async\" width=\"156\" height=\"160\" src=\"https:\/\/gresivolant.fr\/wp-content\/uploads\/2024\/09\/Capture-decran-2024-09-20-165024.png\" alt=\"\" class=\"wp-image-235\"\/><\/a><\/figure>\n\n\n\n<h2 class=\"wp-block-heading\">Partenaires<\/h2>\n\n\n\n<div class=\"wp-block-columns is-layout-flex wp-container-core-columns-is-layout-9d6595d7 wp-block-columns-is-layout-flex\">\n<div class=\"wp-block-column is-vertically-aligned-center is-layout-flow wp-block-column-is-layout-flow\"><div class=\"wp-block-image\">\n<figure class=\"aligncenter size-full\"><a href=\"https:\/\/www.pagesjaunes.fr\/pros\/52951433\" target=\"_blank\" rel=\"noreferrer noopener\"><img loading=\"lazy\" decoding=\"async\" width=\"300\" height=\"93\" src=\"https:\/\/gresivolant.fr\/wp-content\/uploads\/2023\/08\/Logo_Gresimetal_V1.0-Fond-Blanc-300x93-1.png\" alt=\"\" class=\"wp-image-151\"\/><\/a><\/figure><\/div><\/div>\n\n\n\n<div class=\"wp-block-column is-vertically-aligned-center is-layout-flow wp-block-column-is-layout-flow\"><div class=\"wp-block-image\">\n<figure class=\"aligncenter size-full\"><a href=\"https:\/\/www.youbadit.fr\/\" target=\"_blank\" rel=\"noreferrer noopener\"><img loading=\"lazy\" decoding=\"async\" width=\"300\" height=\"70\" src=\"https:\/\/gresivolant.fr\/wp-content\/uploads\/2023\/08\/LOGO-YOUBADIT-300x70-1.png\" alt=\"\" class=\"wp-image-150\"\/><\/a><\/figure><\/div><\/div>\n<\/div>\n\n\n\n<hr class=\"wp-block-separator has-css-opacity\"\/>\n\n\n\n<div class=\"wp-block-buttons is-layout-flex wp-block-buttons-is-layout-flex\">\n<div class=\"wp-block-button is-style-outline is-style-outline--1\"><a class=\"wp-block-button__link wp-element-button\" href=\"https:\/\/gresivolant.fr\/wp-admin\/post.php?post=79&amp;action=edit\" target=\"_blank\" rel=\"noreferrer noopener\">Se Connecter<\/a><\/div>\n<\/div>\n\n\n\n<p><\/p>\n","protected":false},"excerpt":{"rendered":"<p>Gr\u00e9sivolant&nbsp;GVB38 est le club de badminton de Villard-Bonnot (Is\u00e8re) qui sait m\u00e9langer plaisirs et comp\u00e9titions ! Tout le monde peut participer quel que soit son niveau.&nbsp; Composition du&nbsp;bureau :&nbsp; Suite \u00e0 l&rsquo;Assembl\u00e9e g\u00e9n\u00e9rale de Juin 2024, voici les membres du bureau \u00e9lus pour la saison 2023-2024 : Nous suivre sur les r\u00e9seaux Partenaires<\/p>\n","protected":false},"author":1,"featured_media":0,"parent":0,"menu_order":0,"comment_status":"closed","ping_status":"closed","template":"","meta":{"footnotes":""},"class_list":["post-16","page","type-page","status-publish","hentry"],"_links":{"self":[{"href":"https:\/\/gresivolant.fr\/index.php?rest_route=\/wp\/v2\/pages\/16","targetHints":{"allow":["GET"]}}],"collection":[{"href":"https:\/\/gresivolant.fr\/index.php?rest_route=\/wp\/v2\/pages"}],"about":[{"href":"https:\/\/gresivolant.fr\/index.php?rest_route=\/wp\/v2\/types\/page"}],"author":[{"embeddable":true,"href":"https:\/\/gresivolant.fr\/index.php?rest_route=\/wp\/v2\/users\/1"}],"replies":[{"embeddable":true,"href":"https:\/\/gresivolant.fr\/index.php?rest_route=%2Fwp%2Fv2%2Fcomments&post=16"}],"version-history":[{"count":18,"href":"https:\/\/gresivolant.fr\/index.php?rest_route=\/wp\/v2\/pages\/16\/revisions"}],"predecessor-version":[{"id":305,"href":"https:\/\/gresivolant.fr\/index.php?rest_route=\/wp\/v2\/pages\/16\/revisions\/305"}],"wp:attachment":[{"href":"https:\/\/gresivolant.fr\/index.php?rest_route=%2Fwp%2Fv2%2Fmedia&parent=16"}],"curies":[{"name":"wp","href":"https:\/\/api.w.org\/{rel}","templated":true}]}}