{"id":18,"date":"2021-05-28T21:56:30","date_gmt":"2021-05-28T19:56:30","guid":{"rendered":"http:\/\/gresivolant.fr\/?page_id=18"},"modified":"2025-09-01T17:53:23","modified_gmt":"2025-09-01T15:53:23","slug":"tournoi-interclub","status":"publish","type":"page","link":"https:\/\/gresivolant.fr\/?page_id=18","title":{"rendered":"Interclub \/ Tournoi"},"content":{"rendered":"\n<p>L&rsquo;ann\u00e9e 2024 \/ 2025 a vu deux \u00e9quipes termin\u00e9s respectivement \u00e0 la seconde et troisi\u00e8me place de leur poule en division 3 d\u00e9partementale Is\u00e8re<\/p>\n\n\n\n<p>Nous souhaitons continuer sur cette belle motivation sur l&rsquo;ann\u00e9e 2025 \/ 2026<\/p>\n\n\n\n<p>SI vous \u00eates int\u00e9ress\u00e9 : Merci de contacter pendant les cours Aur\u00e9lien R (responsable interclubs), John, Michel, Mattis ou Serge.<\/p>\n\n\n\n<p>Equipe 2024\/2025<\/p>\n\n\n\n<p>Equipe 1 : Capitaine Mattis accompagn\u00e9 de : Alicia, Dorine, Clara, Erwan, Aurelien R, Aurelien B<\/p>\n\n\n\n<p>Equipe 2 : Capitaine Serge accompagn\u00e9 de : Nathalie, S\u00e9verine, Laura, Michel, Tugdual, Benjamin, Maxime<\/p>\n\n\n\n<h2 class=\"wp-block-heading\">Tournoi<\/h2>\n\n\n\n<p>Pr\u00e9vision des tournois de l&rsquo;an prochain <\/p>\n\n\n\n<p><strong>Vet&rsquo;folies<\/strong> : tournoi v\u00e9t\u00e9ran le 13 et 14 D\u00e9cembre 2025    : Double et Mixte<\/p>\n\n\n\n<p><strong>Gr\u00e9si&rsquo;Folies<\/strong> : tournoi toute cat\u00e9gorie le 19 et 20 avril 2026  : Double et Mixte<\/p>\n\n\n\n<p><strong>TDJ Villard Bonnot<\/strong> : le 24 Mai 2026 Double et Simple seulement pour minibad poussin<\/p>\n\n\n\n<p><strong><mark style=\"background-color:#abb8c3\" class=\"has-inline-color\">Calendrier<\/mark><\/strong><\/p>\n\n\n\n<p>Vous trouverez ci joint les calendriers des jeunes et des adultes au lien suivant !<\/p>\n\n\n\n<p><a href=\"https:\/\/badminton-isere.fr\/les-adultes-calendrier\">https:\/\/badminton-isere.fr\/les-adultes-calendrier<\/a><\/p>\n\n\n\n<p><a href=\"https:\/\/badminton-isere.fr\/les-jeunes-calendrier\">https:\/\/badminton-isere.fr\/les-jeunes-calendrier<\/a><\/p>\n\n\n\n<p><\/p>\n","protected":false},"excerpt":{"rendered":"<p>L&rsquo;ann\u00e9e 2024 \/ 2025 a vu deux \u00e9quipes termin\u00e9s respectivement \u00e0 la seconde et troisi\u00e8me place de leur poule en division 3 d\u00e9partementale Is\u00e8re Nous souhaitons continuer sur cette belle motivation sur l&rsquo;ann\u00e9e 2025 \/ 2026 SI vous \u00eates int\u00e9ress\u00e9 : Merci de contacter pendant les cours Aur\u00e9lien R (responsable interclubs), John, Michel, Mattis ou [&hellip;]<\/p>\n","protected":false},"author":1,"featured_media":0,"parent":0,"menu_order":0,"comment_status":"closed","ping_status":"closed","template":"","meta":{"footnotes":""},"class_list":["post-18","page","type-page","status-publish","hentry"],"_links":{"self":[{"href":"https:\/\/gresivolant.fr\/index.php?rest_route=\/wp\/v2\/pages\/18","targetHints":{"allow":["GET"]}}],"collection":[{"href":"https:\/\/gresivolant.fr\/index.php?rest_route=\/wp\/v2\/pages"}],"about":[{"href":"https:\/\/gresivolant.fr\/index.php?rest_route=\/wp\/v2\/types\/page"}],"author":[{"embeddable":true,"href":"https:\/\/gresivolant.fr\/index.php?rest_route=\/wp\/v2\/users\/1"}],"replies":[{"embeddable":true,"href":"https:\/\/gresivolant.fr\/index.php?rest_route=%2Fwp%2Fv2%2Fcomments&post=18"}],"version-history":[{"count":10,"href":"https:\/\/gresivolant.fr\/index.php?rest_route=\/wp\/v2\/pages\/18\/revisions"}],"predecessor-version":[{"id":319,"href":"https:\/\/gresivolant.fr\/index.php?rest_route=\/wp\/v2\/pages\/18\/revisions\/319"}],"wp:attachment":[{"href":"https:\/\/gresivolant.fr\/index.php?rest_route=%2Fwp%2Fv2%2Fmedia&parent=18"}],"curies":[{"name":"wp","href":"https:\/\/api.w.org\/{rel}","templated":true}]}}